{"id":10971,"date":"2023-06-29T11:12:03","date_gmt":"2023-06-29T11:12:03","guid":{"rendered":"https:\/\/motollopis.es\/tienda\/?post_type=product&#038;p=10971"},"modified":"2023-11-11T11:41:52","modified_gmt":"2023-11-11T11:41:52","slug":"casco-nzi-rolling-4-sun-diana-bluepearl-white","status":"publish","type":"product","link":"https:\/\/motollopis.es\/tienda\/casco-nzi-rolling-4-sun-diana-bluepearl-white\/","title":{"rendered":"Casco NZI Rolling 4 Sun &#8211; Diana Blue&#038;Pearl White"},"content":{"rendered":"<p>Carcasa o calotta de Nugema\u00ae, combinaci\u00f3n de termopl\u00e1sticos de resistencia optimizada ante impactos y gran durabilidad. Peso liviano, gran confort. Tapicer\u00eda interior desmontable y lavable a mano. Con la pantalla se puede circular incluso con fr\u00edo o a cierta velocidad sin peligro de impactos en su cara y con visor solar integrado. Dos tama\u00f1os de carcasa o calotta garantizan un ajuste perfecto y una excelente comodidad para todas las tallas.<\/p>\n","protected":false},"excerpt":{"rendered":"<p>Impresionante apariencia personalizada. Con todos los beneficios, la silueta y las caracter\u00edsticas del jet cl\u00e1sico. Exquisito minimalismo con un estilo caracter\u00edstico y elegante. Dise\u00f1os espectaculares. Cascos con un estilo gr\u00e1fico reconocible al instante, innovadores y atractivos, herederos de la tradici\u00f3n, dotados de una gran personalidad. Homologaci\u00f3n de las Naciones Unidas UNECE R.22.05. Tallas: XS, S, M, L, XL, XXL. Bolsa portacascos incluida.<\/p>\n","protected":false},"featured_media":10825,"comment_status":"open","ping_status":"closed","template":"","meta":[],"product_brand":[],"product_cat":[146,181,387],"product_tag":[],"class_list":{"0":"post-10971","1":"product","2":"type-product","3":"status-publish","4":"has-post-thumbnail","6":"product_cat-cascos-nzi","7":"product_cat-cascos-nzi-jet","8":"product_cat-cascos-nzi-vintage","10":"first","11":"instock","12":"sale","13":"taxable","14":"shipping-taxable","15":"purchasable","16":"product-type-variable"},"_links":{"self":[{"href":"https:\/\/motollopis.es\/tienda\/wp-json\/wp\/v2\/product\/10971","targetHints":{"allow":["GET"]}}],"collection":[{"href":"https:\/\/motollopis.es\/tienda\/wp-json\/wp\/v2\/product"}],"about":[{"href":"https:\/\/motollopis.es\/tienda\/wp-json\/wp\/v2\/types\/product"}],"replies":[{"embeddable":true,"href":"https:\/\/motollopis.es\/tienda\/wp-json\/wp\/v2\/comments?post=10971"}],"version-history":[{"count":2,"href":"https:\/\/motollopis.es\/tienda\/wp-json\/wp\/v2\/product\/10971\/revisions"}],"predecessor-version":[{"id":11816,"href":"https:\/\/motollopis.es\/tienda\/wp-json\/wp\/v2\/product\/10971\/revisions\/11816"}],"wp:featuredmedia":[{"embeddable":true,"href":"https:\/\/motollopis.es\/tienda\/wp-json\/wp\/v2\/media\/10825"}],"wp:attachment":[{"href":"https:\/\/motollopis.es\/tienda\/wp-json\/wp\/v2\/media?parent=10971"}],"wp:term":[{"taxonomy":"product_brand","embeddable":true,"href":"https:\/\/motollopis.es\/tienda\/wp-json\/wp\/v2\/product_brand?post=10971"},{"taxonomy":"product_cat","embeddable":true,"href":"https:\/\/motollopis.es\/tienda\/wp-json\/wp\/v2\/product_cat?post=10971"},{"taxonomy":"product_tag","embeddable":true,"href":"https:\/\/motollopis.es\/tienda\/wp-json\/wp\/v2\/product_tag?post=10971"}],"curies":[{"name":"wp","href":"https:\/\/api.w.org\/{rel}","templated":true}]}}