{"id":10334,"date":"2023-06-26T10:10:20","date_gmt":"2023-06-26T10:10:20","guid":{"rendered":"https:\/\/motollopis.es\/tienda\/tienda\/casco-integral-modelo-club-bone\/"},"modified":"2025-10-07T18:42:48","modified_gmt":"2025-10-07T18:42:48","slug":"casco-nzi-club-bone","status":"publish","type":"product","link":"https:\/\/motollopis.es\/tienda\/casco-nzi-club-bone\/","title":{"rendered":"Casco NZI Club Bone"},"content":{"rendered":"<p>Casco con alta tecnolog\u00eda de fibra de carbono. Casco cl\u00e1sico integral NZI \u201cClub\u201d, el cual cumple con el futuro Reglamento de Homologaci\u00f3n UN R 22.06. El NZI \u201cClub\u201d tiene un dise\u00f1o cl\u00e1sico, es un casco c\u00f3modo y funcional con visor y una excelente ventilaci\u00f3n constante. La mezcla de fibras y resinas optimiza su peso y su resistencia a los impactos. El visor est\u00e1 hecho de policarbonato a prueba de ara\u00f1azos &#8211; fabricado mediante moldeo por inyecci\u00f3n. Se puede cambiar f\u00e1cilmente. Est\u00e1 homologado para que se le pueda a\u00f1adir un film retardante del empa\u00f1amiento Pinlock\u00ae. Los materiales especiales del interior del casco, junto con las ventilaciones, garantizan una temperatura agradable en el interior del casco. El acolchado se puede quitar y lavar.Disponible en las tallas de la XS a la XXL, en color Matt Black y Bone (con interior granate).<\/p>\n","protected":false},"excerpt":{"rendered":"<p>Casco con alta tecnolog\u00eda de fibra de carbono. Casco cl\u00e1sico integral NZI \u201cClub\u201d, el cual cumple con el futuro Reglamento de Homologaci\u00f3n UN R 22.06. El NZI \u201cClub\u201d tiene un dise\u00f1o cl\u00e1sico, es un casco c\u00f3modo y funcional con visor y una excelente ventilaci\u00f3n constante. La mezcla de fibras y resinas optimiza su peso y su resistencia a los impactos. El visor est\u00e1 hecho de policarbonato a prueba de ara\u00f1azos &#8211; fabricado mediante moldeo por inyecci\u00f3n. Se puede cambiar f\u00e1cilmente. Est\u00e1 homologado para que se le pueda a\u00f1adir un film retardante del empa\u00f1amiento Pinlock\u00ae. Los materiales especiales del interior del casco, junto con las ventilaciones, garantizan una temperatura agradable en el interior del casco. El acolchado se puede quitar y lavar. Disponible en las tallas de la XS a la XXL, en color Matt Black y Bone (con interior granate).<\/p>\n","protected":false},"featured_media":10170,"comment_status":"open","ping_status":"closed","template":"","meta":[],"product_brand":[],"product_cat":[146,182,387],"product_tag":[],"class_list":{"0":"post-10334","1":"product","2":"type-product","3":"status-publish","4":"has-post-thumbnail","6":"product_cat-cascos-nzi","7":"product_cat-cascos-nzi-integrales","8":"product_cat-cascos-nzi-vintage","10":"first","11":"instock","12":"sale","13":"taxable","14":"shipping-taxable","15":"purchasable","16":"product-type-variable"},"_links":{"self":[{"href":"https:\/\/motollopis.es\/tienda\/wp-json\/wp\/v2\/product\/10334","targetHints":{"allow":["GET"]}}],"collection":[{"href":"https:\/\/motollopis.es\/tienda\/wp-json\/wp\/v2\/product"}],"about":[{"href":"https:\/\/motollopis.es\/tienda\/wp-json\/wp\/v2\/types\/product"}],"replies":[{"embeddable":true,"href":"https:\/\/motollopis.es\/tienda\/wp-json\/wp\/v2\/comments?post=10334"}],"version-history":[{"count":2,"href":"https:\/\/motollopis.es\/tienda\/wp-json\/wp\/v2\/product\/10334\/revisions"}],"predecessor-version":[{"id":11909,"href":"https:\/\/motollopis.es\/tienda\/wp-json\/wp\/v2\/product\/10334\/revisions\/11909"}],"wp:featuredmedia":[{"embeddable":true,"href":"https:\/\/motollopis.es\/tienda\/wp-json\/wp\/v2\/media\/10170"}],"wp:attachment":[{"href":"https:\/\/motollopis.es\/tienda\/wp-json\/wp\/v2\/media?parent=10334"}],"wp:term":[{"taxonomy":"product_brand","embeddable":true,"href":"https:\/\/motollopis.es\/tienda\/wp-json\/wp\/v2\/product_brand?post=10334"},{"taxonomy":"product_cat","embeddable":true,"href":"https:\/\/motollopis.es\/tienda\/wp-json\/wp\/v2\/product_cat?post=10334"},{"taxonomy":"product_tag","embeddable":true,"href":"https:\/\/motollopis.es\/tienda\/wp-json\/wp\/v2\/product_tag?post=10334"}],"curies":[{"name":"wp","href":"https:\/\/api.w.org\/{rel}","templated":true}]}}